{"id":227,"date":"2016-03-30T12:24:17","date_gmt":"2016-03-30T10:24:17","guid":{"rendered":"https:\/\/www.schroeterundwielage.de\/?post_type=product&#038;p=227"},"modified":"2020-12-29T19:43:32","modified_gmt":"2020-12-29T17:43:32","slug":"eingemachtes","status":"publish","type":"product","link":"https:\/\/www.schroeterundwielage.de\/?product=eingemachtes","title":{"rendered":"Eingemachtes und Delikates"},"content":{"rendered":"","protected":false},"excerpt":{"rendered":"<p>Viele unserer Produkte eignen sich hervorragend zum Einmachen. Haltbar gemacht k\u00f6nnen Sie unsere aromatischen Beeren als delikate Marmelade oder als knackige Gurken sauer eingelegt das ganze Jahr \u00fcber genie\u00dfen.<\/p>\n<p>In unserem Hofladen k\u00f6nnen Sie ganzj\u00e4hrig viele eingemachte Leckereien einkaufen. Aus alten Rezepten und liebevoll ausgew\u00e4hlten Zutaten stellen wir aus Fr\u00fcchten aus eigenem Anbau feine Marmeladen und saure Gurken her.<\/p>\n<p>Au\u00dferdem bieten wir verschiedene Delikatessen wie Schinken, Katenschinken aus Schleswig-Holstein, auserw\u00e4hlte Weine und Eier aus Freilandhaltung an.<\/p>\n<p>Schauen Sie vorbei und \u00fcberzeugen Sie sich von der Vielfalt unserer Produkte.<\/p>\n<p>Unser Hofladen ist t\u00e4glich von 8-18 Uhr f\u00fcr Sie ge\u00f6ffnet.<\/p>\n","protected":false},"featured_media":229,"template":"","meta":[],"product_cat":[17],"product_tag":[],"_links":{"self":[{"href":"https:\/\/www.schroeterundwielage.de\/index.php?rest_route=\/wp\/v2\/product\/227"}],"collection":[{"href":"https:\/\/www.schroeterundwielage.de\/index.php?rest_route=\/wp\/v2\/product"}],"about":[{"href":"https:\/\/www.schroeterundwielage.de\/index.php?rest_route=\/wp\/v2\/types\/product"}],"wp:featuredmedia":[{"embeddable":true,"href":"https:\/\/www.schroeterundwielage.de\/index.php?rest_route=\/wp\/v2\/media\/229"}],"wp:attachment":[{"href":"https:\/\/www.schroeterundwielage.de\/index.php?rest_route=%2Fwp%2Fv2%2Fmedia&parent=227"}],"wp:term":[{"taxonomy":"product_cat","embeddable":true,"href":"https:\/\/www.schroeterundwielage.de\/index.php?rest_route=%2Fwp%2Fv2%2Fproduct_cat&post=227"},{"taxonomy":"product_tag","embeddable":true,"href":"https:\/\/www.schroeterundwielage.de\/index.php?rest_route=%2Fwp%2Fv2%2Fproduct_tag&post=227"}],"curies":[{"name":"wp","href":"https:\/\/api.w.org\/{rel}","templated":true}]}}